-2*t - 4*h - a. Let c(r) = -r**3 - 9*r**2 - 9*r - 7. Give c(t).
1
Let c(q) = -24*q + 62. Let z be c(2). Suppose 0 = -z*p - 60 - 10. Let j(w) = -w**2 - 6*w + 3. Determine j(p).
8
Suppose 2 + 50 = -16*k - 108. Let l(s) = -s**2 + s + 34. What is l(k)?
-76
Let q(a) = -4*a + 3. Suppose -2*p + 2*i + 2 + 14 = 0, 3*i = -6. Suppose -c = 5*j - p + 18, -2*c - j = 6. Give q(c).
11
Let w = -17 - -12. Let o be (5 - (-20)/w)*3. Suppose -5 = o*j - 2. Let s(i) = 3*i**2 - i - 1. Give s(j).
3
Let v(i) = -i + 1. Let f(k) = -12 - 28*k - 39*k + 4 + 64*k. Suppose 3*a = -2*w - 7, 0 = 2*w + 2*a + 3*a + 9. Let o(d) = w*v(d) + f(d). What is o(-7)?
-3
Let h(w) = w**3 + 6*w**2 - 3*w - 16. Let d be h(-6). Let f(u) = -2 - 6*u + 2 - 7*u**2 + 1 + 4*u. Calculate f(d).
-31
Let p(v) be the first derivative of v**4/4 - 2*v**3/3 - v**2 + 829. What is p(-2)?
-12
Let c(w) = -2*w**2 - w + 1. Let l = -309 + 314. Suppose l*n + 174 - 189 = 0. Give c(n).
-20
Let n be ((-15)/(-6))/((-2247)/(-560) - 4). Let v(t) = -n*t + 0*t**2 + 205*t - 9 + t**2. Give v(-8).
15
Let h(p) = -p**2 + 2*p + 3. Let w be h(3). Let b be w + 5/3*3. Let a(y) = -5*y**2 - 37. Let c(r) = 6*r**2 - r + 43. Let u(g) = -7*a(g) - 6*c(g). Calculate u(b).
6
Let y(u) = -9439376 + 9439438 + 0*u - 10*u. Determine y(7).
-8
Let b(f) = f**3 + 2*f - 3. Let g(o) be the third derivative of -o**4/24 + 17*o**3/6 + 23*o**2. Let q be g(10). Suppose -q*w - 2 = -16. Calculate b(w).
9
Let f be 5*4/10*1. Let h(q) = -5 - q - f + 1 + 12. Give h(5).
1
Let l(t) = -17*t - 144. Let k = 27159 + -27167. Calculate l(k).
-8
Let g be 6/5*(0 - -5). Suppose 5*w = -w - g. Let c(q) be the first derivative of 3*q**2 - q - 10. Give c(w).
-7
Suppose -18*r + 18 = -9*r. Let h(u) = 10 + r*u**2 + 11*u - u**2 + 0*u**2 - 5*u**2 + 3*u**2. Determine h(9).
28
Let s(b) = -74*b**2 - 2*b + 2. Let u(m) = m**3 + 9*m**2 + 16*m + 5. Let j be u(-2). Give s(j).
-74
Let t(i) = 5*i**2 + 5*i + 62*i**3 + i - 4*i**2 - 101 + 102 - 7*i. Determine t(1).
63
Let a(j) be the first derivative of j**2/2 - 11*j + 4877. What is a(-12)?
-23
Let m be -31 + 51 + -14 - -3*2/(-3). Let v(f) = 5*f - 8. Determine v(m).
12
Let q = 5075 - 5071. Let p(s) = s**3 - 2*s**2 - s - 1. Give p(q).
27
Let w(p) = 22*p + 253. Let i(j) = -46*j - 532. Let m(g) = -10*i(g) - 21*w(g). Let s = 8 - 2. Give m(s).
-5
Let g(t) = 12*t**2 - 229*t. Let n(i) = i**2 - 20*i. Let p(x) = -2*g(x) + 23*n(x). Let z = 20 - 11. Let u be (-2)/2*(z - 11). Determine p(u).
-8
Suppose -36*o = 31*o - 69*o + 18. Let y(x) = -x**3 + 8*x**2 + 10*x - 7. Calculate y(o).
2
Let c(a) = a**3 - 11*a**2 - 57*a + 400. Let l be c(13). Let b(j) = j**3 - 5*j**2 + 3. Determine b(l).
-69
Let j(q) = 2*q**3 + 11*q**2 + 6*q - 8. Suppose 0 = z - 4*i + 5, 2*i - 13 = -10*z - 63. Calculate j(z).
-13
Let y = -859 + 864. Let s(h) = 5*h**3 - h**2 + 6*h - 5. Let r(g) = 9*g**3 - 3*g**2 + 11*g - 10. Let a(l) = 4*r(l) - 7*s(l). Calculate a(y).
5
Let i(f) = -5*f - 5. Let v(l) = 15*l - 1 - 9*l - 4*l. Let j(o) = -i(o) - 3*v(o). Let k = -13 + 20. Give j(k).
1
Let h(y) = 16*y - 1. Let q(z) = z**2 - 10*z + 28. Let c = -114 + 126. Let d be q(c). Let g be d/(-20) + 2 + 16/10. What is h(g)?
15
Let p(o) = -2*o**2 + 3*o - 2. Suppose -4 = -3*m - a, 3*a = 4*m + 8 + 4. Suppose m = 2*s - 55 + 53. Calculate p(s).
-1
Let g(b) = b - 8. Let s(f) = -f**3 + 5*f + 3. Let z be s(2). Suppose 2*r = 10*p - 13*p + 29, z*p = -5*r + 45. Calculate g(p).
3
Let o(c) = 35*c**3 - 13*c**2 + c - 3. Let d(q) = 41*q**3 - 13*q**2 - 2*q - 4. Let p(z) = 6*d(z) - 7*o(z). Give p(-14).
67
Let t(f) = f + 1. Let o(s) = 4*s + 36. Let m be o(0). Let u = 28 - 22. Suppose u*i = -m - 6. Give t(i).
-6
Let f(c) = c**2 + 6*c + 4. Let p be (-2)/8 - (-53)/4. Suppose 0 = -6*o + 23 + p. Suppose -3*d - o = -2*d. What is f(d)?
4
Let a(r) be the second derivative of 7/120*r**5 + 1/360*r**6 + 1/4*r**4 + 0*r**2 + 4*r + 7/3*r**3 + 0. Let n(v) be the second derivative of a(v). Give n(-7).
6
Let m(z) = -2*z. Let i be (0 + 82)*(5 - 135/18). Let a = -204 - i. Give m(a).
-2
Suppose -h = 4*w + 201, -w = -3*h - 850 + 208. Let n = h - -226. Let u(x) = x**2 - 15*x - 6. Calculate u(n).
-32
Let y(n) be the second derivative of -n**4/12 - n**3/6 + 4*n**2 + 1078*n. Give y(6).
-34
Suppose 2467*k - 2460*k = 0. Let j(y) be the second derivative of y + k*y**3 + 0*y**2 + 1/20*y**5 - 1/12*y**4 + 0. Calculate j(-2).
-12
Let n = -60 - -55. Let c(u) = 7*u**3 + 16*u**2 + 4*u - 1. Let h(k) = -15*k**3 - 34*k**2 - 9*k + 2. Let q(m) = -13*c(m) - 6*h(m). Give q(n).
16
Let r(a) = a**3 + 2*a**2 - 10. Let z = -9249 + 9249. Give r(z).
-10
Let u = 169 - 24. Let o = -143 + u. Let f(q) = -2*q**3 + 9*q**2 + 4*q - 4. Let b(s) = s**3 - 5*s**2 - 2*s + 2. Let h(g) = -7*b(g) - 4*f(g). Calculate h(o).
2
Let o = 28729 + -28695. Let a(m) = m**2 - 37*m + 101. Calculate a(o).
-1
Suppose 36*k - 13849 = -13489. Let d(y) = -6*y**2 + 56*y + 35. Calculate d(k).
-5
Let g = 41 + -35. Let t(v) = 15 + 46 + 12 + 2*v - 104 + 15. What is t(g)?
-4
Let m(a) be the second derivative of a**5/20 + a**4/12 - 19*a**2/2 + 72*a. Let w(u) = -u - 4. Let d be w(-4). What is m(d)?
-19
Let m = 60 + -53. Let d(z) = 2 - 1 + 6*z - m*z - z**2 + 4*z. Suppose -a + 1 = -q, 4*q = 4*a - q. Give d(a).
-9
Let f(n) = 6*n + 168. Let x(a) = -4*a**2 + 215*a + 244. Let h be x(55). Calculate f(h).
-18
Let y(c) = 88*c**3 - 2*c**2 + 4*c - 3. Let b be (-6)/4 + 4/(-11) + (-378)/(-132). Determine y(b).
87
Let t(n) = n**3 + 2*n**2 - 3*n - 7. Suppose 0 = -8*x + 29*x - 10416. Let h = x - 499. What is t(h)?
-7
Let x(u) = -u**3 - 10*u**2 - 8*u + 20. Let s be x(-9). Let f(z) = 5*z + 100 - s*z - 101. Determine f(-3).
17
Let i = 18432 + -18438. Let y(u) = 2*u + 3*u**2 + u**2 + 3*u**2 + u**3 - 2. Determine y(i).
22
Let s(z) be the third derivative of -z**6/360 - z**5/40 - z**4/6 - z**3/6 + 10*z**2. Let g(c) be the second derivative of s(c). Let b = -16 - -9. What is g(b)?
11
Let z(q) be the third derivative of 3*q**5/20 + q**4/6 - q**3/3 + 234*q**2 - 2*q. What is z(2)?
42
Let y(i) = 40*i + 26 + 3*i**2 + 78*i - 130*i. Determine y(5).
41
Let x(n) = -n**3 - n**2 - 9*n + 20. Let v be x(-6). Let j = 264 - v. Let i(g) = 2*g + 2. Calculate i(j).
22
Suppose 5*o - i = 4*o + 7, -3*o - 7 = 4*i. Let w(b) = b**o - 261*b + b**2 - 7*b**2 + 510*b - 2*b**3 - 257*b. Give w(-6).
48
Let m(f) = -10*f + 20. Let h(s) = -40*s + 64. Let o(p) = 2*h(p) - 9*m(p). Calculate o(4).
-12
Let q be ((-2)/(-6))/(10/510). Let t(j) = -j**3 + 16*j**2 + 15*j + 39. Let g be t(q). Let m(n) = -n**2 + n + 7. What is m(g)?
-13
Let z(b) = 2*b**3 - 15*b**2 + 5*b + 12. Let a be z(7). Let y(f) = -14*f - 21. Determine y(a).
7
Let t(c) = c + 6. Let b be 18/117 - 324/78. Give t(b).
2
Let f(z) = -z**2 + 18*z + 55. Suppose -3*i + 87 = 4*j, -40*j - 37 = -42*j + 5*i. Calculate f(j).
-8
Let c(k) = k**3 + 5*k**2 + 5*k - 2. Suppose 11*l = 1 - 23. Let u be c(l). Let z(r) = r + 4. Calculate z(u).
4
Let r(i) be the second derivative of -i**5/20 - i**4 - 4*i**3/3 - 5*i**2/2 - 13*i - 11. Give r(-11).
-38
Let c = 11243 + -11243. Let k(d) be the second derivative of c - 33*d - 1/6*d**3 - 6*d**2. Give k(-6).
-6
Let b(a) = -193*a - 51. Let i(c) = 53*c + 14. Let f(d) = -8*b(d) - 29*i(d). Determine f(1).
9
Let t(s) = -s**3 - s - 8. Suppose -229 = -4*o + 223. Let m = o + -113. Determine t(m).
-8
Let h(z) be the third derivative of z**4/8 - z**3/6 + 3*z**2 + 8. Let d be h(-1). Let i(s) = -s**2 - 2*s + 2. What is i(d)?
-6
Suppose -758 + 1495 = -67*j. Let l(i) be the second derivative of -i**5/20 - 5*i**4/6 + 2*i**3 + 7*i**2 + i. Calculate l(j).
3
Suppose 3*l + 27 = 3*z, -2*z - 5*l + 5 - 1 = 0. Let c(j) = 15 - 6*j**2 + 6*j**3 + 5*j - 14*j - 5*j**3. Calculate c(z).
1
Let y(g) be the first derivative of -g**3/3 + 9*g**2/2 + 42*g + 1939. Calculate y(11).
20
Let f(l) = 2 - 104*l + 0 - 99*l + 293*l - 96*l. Give f(7).
-40
Let d(h) = 3*h**2 + 25*h - 53. Suppose -506 - 281 = 96*a + 173. Determine d(a).
-3
Let v(i) be the second derivative of i**5/20 - 5*i**4/12 + i**3/3 + 7*i**2/2 - 20*i - 5. Calculate v(5).
17
Let n(x) = -184*x**2 - 4*x + 18. Let k(w) = 37*w**2 - w - 3. Let g(p) = 5*k(p) + n(p). Determine g(10).
13
Suppose -2602*n - 300 = -2702*n. Let v(a) = 29*a + 10. Give v(n).
97
Let a(q) be the second derivative of -q**4/12 + 2*q**3 - 11*q**2/2 + 362*q. What is a(11)?
0
Let d(i) = -i**3 - 11*i**2 + 6*i - 9.